{"id":573,"date":"2024-05-15T14:15:00","date_gmt":"2024-05-15T12:15:00","guid":{"rendered":"https:\/\/canteradvisors.com\/?page_id=573"},"modified":"2024-05-15T14:36:40","modified_gmt":"2024-05-15T12:36:40","slug":"mentions-legales-2","status":"publish","type":"page","link":"https:\/\/canteradvisors.com\/index.php\/mentions-legales-2\/","title":{"rendered":"Mentions l\u00e9gales"},"content":{"rendered":"\t\t<div data-elementor-type=\"wp-page\" data-elementor-id=\"573\" class=\"elementor elementor-573\">\n\t\t\t\t<div class=\"elementor-element elementor-element-9946504 e-flex e-con-boxed e-con e-parent\" data-id=\"9946504\" data-element_type=\"container\" data-e-type=\"container\">\n\t\t\t\t\t<div class=\"e-con-inner\">\n\t\t\t\t<div class=\"elementor-element elementor-element-c3bc8ae elementor-widget elementor-widget-heading\" data-id=\"c3bc8ae\" data-element_type=\"widget\" data-e-type=\"widget\" data-widget_type=\"heading.default\">\n\t\t\t\t<div class=\"elementor-widget-container\">\n\t\t\t\t\t<h2 class=\"elementor-heading-title elementor-size-default\">Mentions l\u00e9gales<\/h2>\t\t\t\t<\/div>\n\t\t\t\t<\/div>\n\t\t\t\t\t<\/div>\n\t\t\t\t<\/div>\n\t\t<div class=\"elementor-element elementor-element-8910905 e-flex e-con-boxed e-con e-parent\" data-id=\"8910905\" data-element_type=\"container\" data-e-type=\"container\">\n\t\t\t\t\t<div class=\"e-con-inner\">\n\t\t<div class=\"elementor-element elementor-element-ca46f6a e-con-full e-flex e-con e-child\" data-id=\"ca46f6a\" data-element_type=\"container\" data-e-type=\"container\">\n\t\t\t\t<div class=\"elementor-element elementor-element-1c7d7e5 elementor-widget elementor-widget-heading\" data-id=\"1c7d7e5\" data-element_type=\"widget\" data-e-type=\"widget\" data-widget_type=\"heading.default\">\n\t\t\t\t<div class=\"elementor-widget-container\">\n\t\t\t\t\t<h2 class=\"elementor-heading-title elementor-size-default\">Editeur du site Internet<\/h2>\t\t\t\t<\/div>\n\t\t\t\t<\/div>\n\t\t\t\t<div class=\"elementor-element elementor-element-ccebf8b elementor-widget elementor-widget-text-editor\" data-id=\"ccebf8b\" data-element_type=\"widget\" data-e-type=\"widget\" data-widget_type=\"text-editor.default\">\n\t\t\t\t<div class=\"elementor-widget-container\">\n\t\t\t\t\t\t\t\t\t<p>Le site Internet\u00a0<a href=\"http:\/\/canteradvisors.com\">canteradvisors.com<\/a><\/p><p>Responsable de publication : Mme R\u00e9gine Gaggioli<br \/>Forme juridique :<br \/>Si\u00e8ge social :<br \/>SIRET :\u00a0<br \/>Code APE :\u00a0<br \/>Adresse mail :\u00a0<\/p><p>T\u00e9l\u00e9phone :<br \/>N\u00b0 TVA intracommunautaire :\u00a0<br \/>N\u00b0 RCS :\u00a0<\/p>\t\t\t\t\t\t\t\t<\/div>\n\t\t\t\t<\/div>\n\t\t\t\t<\/div>\n\t\t<div class=\"elementor-element elementor-element-726e686 e-con-full e-flex e-con e-child\" data-id=\"726e686\" data-element_type=\"container\" data-e-type=\"container\">\n\t\t\t\t<div class=\"elementor-element elementor-element-c0ca93e elementor-widget elementor-widget-heading\" data-id=\"c0ca93e\" data-element_type=\"widget\" data-e-type=\"widget\" data-widget_type=\"heading.default\">\n\t\t\t\t<div class=\"elementor-widget-container\">\n\t\t\t\t\t<h2 class=\"elementor-heading-title elementor-size-default\">H\u00e9bergeur<\/h2>\t\t\t\t<\/div>\n\t\t\t\t<\/div>\n\t\t\t\t<div class=\"elementor-element elementor-element-86c2067 elementor-widget elementor-widget-text-editor\" data-id=\"86c2067\" data-element_type=\"widget\" data-e-type=\"widget\" data-widget_type=\"text-editor.default\">\n\t\t\t\t<div class=\"elementor-widget-container\">\n\t\t\t\t\t\t\t\t\t<div class=\"elementor-element elementor-element-db41ab8 elementor-widget elementor-widget-heading\" data-id=\"db41ab8\" data-element_type=\"widget\" data-widget_type=\"heading.default\"><div class=\"elementor-widget-container\"><h2 class=\"elementor-heading-title elementor-size-default\"><span style=\"font-family: var(--global-body-font-family); font-size: 17px; font-weight: 400;\">OVH cloud France<\/span><\/h2><\/div><\/div><div class=\"elementor-element elementor-element-8ea6716 elementor-widget elementor-widget-text-editor\" data-id=\"8ea6716\" data-element_type=\"widget\" data-widget_type=\"text-editor.default\"><div class=\"elementor-widget-container\"><p>140 quai Sartel<br \/>59100 Roubaix \u2013 France<\/p><p>T\u00e9l\u00e9phone: 1007<\/p><\/div><\/div>\t\t\t\t\t\t\t\t<\/div>\n\t\t\t\t<\/div>\n\t\t\t\t<\/div>\n\t\t\t\t\t<\/div>\n\t\t\t\t<\/div>\n\t\t<div class=\"elementor-element elementor-element-7eddade e-flex e-con-boxed e-con e-parent\" data-id=\"7eddade\" data-element_type=\"container\" data-e-type=\"container\">\n\t\t\t\t\t<div class=\"e-con-inner\">\n\t\t<div class=\"elementor-element elementor-element-598cf94 e-con-full e-flex e-con e-child\" data-id=\"598cf94\" data-element_type=\"container\" data-e-type=\"container\">\n\t\t\t\t<div class=\"elementor-element elementor-element-fbfb7ff elementor-widget elementor-widget-heading\" data-id=\"fbfb7ff\" data-element_type=\"widget\" data-e-type=\"widget\" data-widget_type=\"heading.default\">\n\t\t\t\t<div class=\"elementor-widget-container\">\n\t\t\t\t\t<h2 class=\"elementor-heading-title elementor-size-default\">Cr\u00e9ateur du site web<\/h2>\t\t\t\t<\/div>\n\t\t\t\t<\/div>\n\t\t\t\t<div class=\"elementor-element elementor-element-53d367d elementor-widget elementor-widget-text-editor\" data-id=\"53d367d\" data-element_type=\"widget\" data-e-type=\"widget\" data-widget_type=\"text-editor.default\">\n\t\t\t\t<div class=\"elementor-widget-container\">\n\t\t\t\t\t\t\t\t\t<div class=\"elementor-element elementor-element-a99c278 e-con-full e-flex e-con e-child\" data-id=\"a99c278\" data-element_type=\"container\"><div class=\"elementor-element elementor-element-620554b elementor-widget elementor-widget-heading\" data-id=\"620554b\" data-element_type=\"widget\" data-widget_type=\"heading.default\"><div class=\"elementor-widget-container\"><h2 class=\"elementor-heading-title elementor-size-default\"><b style=\"font-family: var(--global-body-font-family); font-size: 17px;\">Nom: <\/b><span style=\"font-family: var(--global-body-font-family); font-size: 17px; font-weight: 400;\">Bettendroffer<\/span><\/h2><\/div><\/div><div class=\"elementor-element elementor-element-2e8d3d8 elementor-widget elementor-widget-text-editor\" data-id=\"2e8d3d8\" data-element_type=\"widget\" data-widget_type=\"text-editor.default\"><div class=\"elementor-widget-container\"><p><b>Pr\u00e9noms:\u00a0<\/b>Lise<br \/><b><\/b><\/p><p><b>Raison sociale:\u00a0<\/b>Auto-Entrepreneur<br \/><b><\/b><\/p><p><b>N\u00b0 SIRET:\u00a0<\/b>89743029400016<br \/><b><\/b><\/p><p><b>Adresse:\u00a0<\/b>337D Chemin de Valaves 83560 Rians<br \/><b><\/b><\/p><p><b>T\u00e9l\u00e9phone:\u00a0<\/b>0615950678<br \/><b><\/b><\/p><p><b>Mail:\u00a0<\/b><a href=\"https:\/\/liseaweb.com\/\" target=\"_blank\" rel=\"noopener\">sitepro@liseaweb.com<\/a><\/p><p><strong>Site<\/strong>\u00a0:\u00a0<a href=\"https:\/\/liseaweb.com\/\" target=\"_blank\" rel=\"noopener\">https:\/\/liseaweb.com<\/a><\/p><\/div><\/div><\/div><div class=\"elementor-element elementor-element-f15fef2 e-con-full e-flex e-con e-child\" data-id=\"f15fef2\" data-element_type=\"container\"><div class=\"elementor-element elementor-element-95dbd43 elementor-widget elementor-widget-text-editor\" data-id=\"95dbd43\" data-element_type=\"widget\" data-widget_type=\"text-editor.default\"><div class=\"elementor-widget-container\"><p>\u00a0<\/p><\/div><\/div><\/div>\t\t\t\t\t\t\t\t<\/div>\n\t\t\t\t<\/div>\n\t\t\t\t<\/div>\n\t\t<div class=\"elementor-element elementor-element-0cbeae5 e-con-full e-flex e-con e-child\" data-id=\"0cbeae5\" data-element_type=\"container\" data-e-type=\"container\">\n\t\t\t\t<div class=\"elementor-element elementor-element-4fc2447 elementor-widget elementor-widget-text-editor\" data-id=\"4fc2447\" data-element_type=\"widget\" data-e-type=\"widget\" data-widget_type=\"text-editor.default\">\n\t\t\t\t<div class=\"elementor-widget-container\">\n\t\t\t\t\t\t\t\t\t<p>En tant que cr\u00e9atrice du site <a href=\"https:\/\/canteradvisors.com\">canteradvisors.com<\/a>,\u00a0<strong>Lise Bettendroffer<\/strong>, je d\u00e9clare que ma responsabilit\u00e9 ne peut \u00eatre engag\u00e9e pour tous les d\u00e9sagr\u00e9ments ou dommages li\u00e9s \u00e0 l\u2019utilisation d\u2019Internet, tels qu\u2019une interruption de service, une intrusion ext\u00e9rieure, la pr\u00e9sence de virus informatiques, ou tout \u00e9v\u00e9nement consid\u00e9r\u00e9 comme un cas de force majeure, conform\u00e9ment \u00e0 la jurisprudence.<\/p><p>Malgr\u00e9 le soin minutieux apport\u00e9 \u00e0 la conception de ce site, je ne peux \u00eatre tenue responsable d\u2019\u00e9ventuelles erreurs qui pourraient s\u2019y trouver. De plus, je ne saurais \u00eatre tenue responsable en cas de pr\u00e9sence de contenu inappropri\u00e9 sur le site, ni en cas de d\u00e9t\u00e9rioration du site, \u00e9tant donn\u00e9 que l\u2019entreprise <a href=\"http:\/\/canteradvisors.com\">canteradvisors.com<\/a> d\u00e9tient les droits d\u2019administration du site web.<\/p>\t\t\t\t\t\t\t\t<\/div>\n\t\t\t\t<\/div>\n\t\t\t\t<\/div>\n\t\t\t\t\t<\/div>\n\t\t\t\t<\/div>\n\t\t<div class=\"elementor-element elementor-element-1f97529 e-flex e-con-boxed e-con e-parent\" data-id=\"1f97529\" data-element_type=\"container\" data-e-type=\"container\">\n\t\t\t\t\t<div class=\"e-con-inner\">\n\t\t\t\t<div class=\"elementor-element elementor-element-b3f3ca1 elementor-widget elementor-widget-heading\" data-id=\"b3f3ca1\" data-element_type=\"widget\" data-e-type=\"widget\" data-widget_type=\"heading.default\">\n\t\t\t\t<div class=\"elementor-widget-container\">\n\t\t\t\t\t<h2 class=\"elementor-heading-title elementor-size-default\">Gestion des Cookies<\/h2>\t\t\t\t<\/div>\n\t\t\t\t<\/div>\n\t\t\t\t<div class=\"elementor-element elementor-element-eca6738 elementor-widget elementor-widget-text-editor\" data-id=\"eca6738\" data-element_type=\"widget\" data-e-type=\"widget\" data-widget_type=\"text-editor.default\">\n\t\t\t\t<div class=\"elementor-widget-container\">\n\t\t\t\t\t\t\t\t\t<p>Chez Canter Advisors, nous utilisons des cookies, \u00e9galement connus sous le nom de traceurs, pour am\u00e9liorer votre exp\u00e9rience sur notre site d\u00e9di\u00e9 \u00e0 la communication financi\u00e8re. Ces cookies nous aident \u00e0 collecter des informations anonymes stock\u00e9es sur votre appareil, essentielles pour le fonctionnement optimal de notre site. Ils ne requi\u00e8rent pas votre consentement pr\u00e9alable et servent principalement \u00e0 compiler des statistiques sur les visites de notre site.<\/p><p>Vous ne pouvez pas d\u00e9sactiver ces cookies directement via notre site, mais vous pouvez les bloquer ou les restreindre en modifiant les param\u00e8tres de votre navigateur. Cette op\u00e9ration peut \u00eatre r\u00e9alis\u00e9e en activant la fonction de navigation priv\u00e9e ou en g\u00e9rant les cookies directement dans votre navigateur. Si des cookies ont \u00e9t\u00e9 install\u00e9s avant cette configuration, il est recommand\u00e9 d\u2019effacer votre historique de navigation via les param\u00e8tres de votre navigateur.<\/p><p>L&rsquo;utilisation de ces traceurs est conforme \u00e0 l\u2019article 32 II de la loi n\u00b0 78-17 du 6 janvier 1978, en application de l\u2019article 5.3 de la directive europ\u00e9enne 2002\/58\/CE, amend\u00e9e par la directive 2009\/136\/CE.<\/p><p>Pour plus d\u2019informations sur les cookies et leur gestion, nous vous invitons \u00e0 consulter le site de la CNIL \u00e0 l\u2019adresse <a href=\"http:\/\/www.cnil.fr\/\" target=\"_new\" rel=\"noreferrer\">www.cnil.fr<\/a>.<\/p>\t\t\t\t\t\t\t\t<\/div>\n\t\t\t\t<\/div>\n\t\t\t\t\t<\/div>\n\t\t\t\t<\/div>\n\t\t<div class=\"elementor-element elementor-element-eaec359 e-flex e-con-boxed e-con e-parent\" data-id=\"eaec359\" data-element_type=\"container\" data-e-type=\"container\">\n\t\t\t\t\t<div class=\"e-con-inner\">\n\t\t\t\t<div class=\"elementor-element elementor-element-30b62d1 elementor-widget elementor-widget-heading\" data-id=\"30b62d1\" data-element_type=\"widget\" data-e-type=\"widget\" data-widget_type=\"heading.default\">\n\t\t\t\t<div class=\"elementor-widget-container\">\n\t\t\t\t\t<h2 class=\"elementor-heading-title elementor-size-default\">Gestion des Donn\u00e9es Personnelles<\/h2>\t\t\t\t<\/div>\n\t\t\t\t<\/div>\n\t\t\t\t<div class=\"elementor-element elementor-element-4befb2b elementor-widget elementor-widget-text-editor\" data-id=\"4befb2b\" data-element_type=\"widget\" data-e-type=\"widget\" data-widget_type=\"text-editor.default\">\n\t\t\t\t<div class=\"elementor-widget-container\">\n\t\t\t\t\t\t\t\t\t<p>Les informations que vous fournissez sur canteradvisors.com, que ce soit via des formulaires ou votre compte client, sont essentielles pour nous permettre de vous offrir un service personnalis\u00e9 et efficace. Ces donn\u00e9es sont collect\u00e9es et stock\u00e9es de mani\u00e8re s\u00e9curis\u00e9e et sont conserv\u00e9es uniquement le temps n\u00e9cessaire \u00e0 la gestion de notre relation client.<\/p><p>Conform\u00e9ment \u00e0 la loi \u00ab informatique et libert\u00e9s \u00bb, vous avez le droit d&rsquo;acc\u00e9der, de modifier, et de rectifier les donn\u00e9es personnelles qui vous concernent. Vous pouvez exercer ce droit en nous contactant via notre formulaire de contact sur le site. Pour plus de d\u00e9tails sur la gestion de vos donn\u00e9es personnelles, vous pouvez \u00e9galement visiter le site de la CNIL.<\/p>\t\t\t\t\t\t\t\t<\/div>\n\t\t\t\t<\/div>\n\t\t\t\t\t<\/div>\n\t\t\t\t<\/div>\n\t\t\t\t<\/div>\n\t\t","protected":false},"excerpt":{"rendered":"<p>Mentions l\u00e9gales Editeur du site Internet Le site Internet\u00a0canteradvisors.com Responsable de publication : Mme R\u00e9gine GaggioliForme juridique :Si\u00e8ge social :SIRET :\u00a0Code APE :\u00a0Adresse mail :\u00a0 T\u00e9l\u00e9phone :N\u00b0 TVA intracommunautaire :\u00a0N\u00b0 RCS :\u00a0 H\u00e9bergeur OVH cloud France 140 quai Sartel59100 Roubaix \u2013 France T\u00e9l\u00e9phone: 1007 Cr\u00e9ateur du site web Nom: Bettendroffer Pr\u00e9noms:\u00a0Lise Raison sociale:\u00a0Auto-Entrepreneur N\u00b0 SIRET:\u00a089743029400016&#8230;<\/p>\n","protected":false},"author":1,"featured_media":0,"parent":0,"menu_order":0,"comment_status":"closed","ping_status":"closed","template":"","meta":{"_kad_post_transparent":"","_kad_post_title":"hide","_kad_post_layout":"fullwidth","_kad_post_sidebar_id":"","_kad_post_content_style":"unboxed","_kad_post_vertical_padding":"hide","_kad_post_feature":"hide","_kad_post_feature_position":"","_kad_post_header":false,"_kad_post_footer":false,"footnotes":""},"class_list":["post-573","page","type-page","status-publish","hentry"],"_links":{"self":[{"href":"https:\/\/canteradvisors.com\/index.php\/wp-json\/wp\/v2\/pages\/573","targetHints":{"allow":["GET"]}}],"collection":[{"href":"https:\/\/canteradvisors.com\/index.php\/wp-json\/wp\/v2\/pages"}],"about":[{"href":"https:\/\/canteradvisors.com\/index.php\/wp-json\/wp\/v2\/types\/page"}],"author":[{"embeddable":true,"href":"https:\/\/canteradvisors.com\/index.php\/wp-json\/wp\/v2\/users\/1"}],"replies":[{"embeddable":true,"href":"https:\/\/canteradvisors.com\/index.php\/wp-json\/wp\/v2\/comments?post=573"}],"version-history":[{"count":13,"href":"https:\/\/canteradvisors.com\/index.php\/wp-json\/wp\/v2\/pages\/573\/revisions"}],"predecessor-version":[{"id":588,"href":"https:\/\/canteradvisors.com\/index.php\/wp-json\/wp\/v2\/pages\/573\/revisions\/588"}],"wp:attachment":[{"href":"https:\/\/canteradvisors.com\/index.php\/wp-json\/wp\/v2\/media?parent=573"}],"curies":[{"name":"wp","href":"https:\/\/api.w.org\/{rel}","templated":true}]}}